er when f is divided by q?
8
Let s(t) = -t**2 + 133*t + 1010. What is the remainder when 616 is divided by s(-7)?
16
Suppose 43 = q - 5*v, 4*q + 3*v = 4*v + 267. Let g = 215 + -183. What is the remainder when q is divided by (-24)/g + 380/16?
22
Let r = -23 - -54. What is the remainder when r is divided by ((-224)/(-140))/(0 - (-1)/15)?
7
Suppose -2*z - 4*q = -2*q - 108, -3*q = z - 66. What is the remainder when 283 is divided by z?
43
Let d(j) = -19*j**3 - 4*j**2 - 4*j - 2. Suppose -5*z = -4*m + 9*m - 255, -m + 4*z + 36 = 0. Calculate the remainder when d(-2) is divided by m.
46
Let b(r) = 22*r + 12. Let n be b(6). Suppose -150 = -3*i + n. Suppose -28*u = -27*u - i. What is the remainder when u is divided by 25?
23
Suppose 3*z + 5*o - 169 = 50, 5*o = 0. Let i(f) = 6*f**2 - 1003*f + 182. Calculate the remainder when z is divided by i(167).
13
Let g(d) = 10*d**2 - 1. Let o be g(-1). Suppose 6*l = o*l. Let s(p) = p**2 + 2*p + 39. What is the remainder when 232 is divided by s(l)?
37
Suppose -394*u = -72*u - 1957116. What is the remainder when u is divided by 152?
150
Calculate the remainder when ((-777)/(-105)*25/(-4) - -7)*-8 is divided by 136.
42
Suppose -2*b - 20 = b + 5*d, -b = -4*d - 16. Suppose b = -4*v - v - 110. Let s(g) = -4*g - 19. Calculate the remainder when s(v) is divided by 35.
34
Let m(v) = -10*v - 164. Let p be m(-17). Calculate the remainder when (-8)/32*-894*4/p is divided by 19.
16
Suppose 30*b = 18*b + 492. Calculate the remainder when 733 is divided by b.
36
Let u be -2 + 7 + -7 + 2. Suppose 36*f + 75 - 543 = u. What is the remainder when 153 is divided by f?
10
Suppose 0 = -2*o - 7*o + 27. Suppose 4*s - 2*z - o*z = 31, -2*z = -5*s + 43. Calculate the remainder when 51 is divided by s.
6
Let f(v) = -v**3 + 7*v**2 - v - 12. Let d be f(6). Suppose -29*j + 31*j - 92 = 0. What is the remainder when j is divided by d + -1 - 0/(-6)?
12
Suppose 5*z - 14 = 1. Suppose 0 = z*j + 3*c - 57, 3*c - 12 = -3. Calculate the remainder when 35 is divided by j.
3
Let i = -91 - -133. Let c = -8746 + 8753. What is the remainder when 0 + 1 - (-5 - i) is divided by c?
6
Let f = -49 - -45. Let t = 53 + f. Suppose -4*u + 15 = -3*u + y, -3*u + y + t = 0. Calculate the remainder when 31 is divided by u.
15
Suppose -1963 = -93*k - 109*k + 189*k. What is the remainder when 619 is divided by k?
15
Let i(x) = -652 + 311 - 5*x + 323. Suppose k + k = 24. Calculate the remainder when i(-8) is divided by k.
10
Suppose 10385 = -74*j + 12383. Suppose 2114 = 4*l - 686. Calculate the remainder when l is divided by j.
25
Suppose -180 = -2*u + 4*x - 0*x, -3*x = -12*u + 954. What is the remainder when u is divided by 32?
14
Let n(m) = -m**3 + 3*m**2 + 7*m - 4. Let x be n(4). Calculate the remainder when 193 is divided by (x/12)/((-1)/(-78)) - 2.
43
Suppose 13*z = 16*z - 2*p - 33, -3*z + p = -30. Calculate the remainder when 20 is divided by z.
2
Suppose -35*c + 2*a = -37*c + 34, a + 11 = c. What is the remainder when 77 is divided by c?
7
Suppose 24*i = 10*i + 56. What is the remainder when 149 is divided by i/((-2)/(-5)*45/63)?
9
Let j = -752 + 1039. Calculate the remainder when j is divided by 10.
7
Let p = 6362 - 6314. Calculate the remainder when 333 is divided by p.
45
Let g(f) = 3*f - 55. Let v be g(19). Suppose w - v*b = -2*w + 52, 5*w - 87 = 3*b. Let j = 155 + -90. What is the remainder when j is divided by w?
11
Let m be 4*1*(-5)/10. Let g be m/(-6) - 25/(-15). Suppose o = -g*p + 81, -96 = -3*p + p - 4*o. What is the remainder when p is divided by 8?
6
Let h(g) = 3*g**2 + 174*g + 341. Let n(r) = 5*r**2 - 3*r - 4. Calculate the remainder when n(6) is divided by h(-2).
3
Suppose 0 = b + 2*x - 1076, 0*x + 3*x + 5406 = 5*b. What is the remainder when b is divided by 7?
2
Let q(k) = 117*k - 63*k + 2*k**2 - 53*k + 3. Calculate the remainder when 153 is divided by q(2).
10
Let w(p) = p + 1. Let f be w(4). Calculate the remainder when -4 - (-12 + f/5) - -4 is divided by 7.
4
Let q(m) = -131*m**3 + 2*m**2 - 2*m - 3. Let x be q(-1). Suppose 124*b - x*b = -176. What is the remainder when 63 is divided by b?
19
Let k(g) be the first derivative of -8*g**2 - 6*g + 33. Suppose 0 = -3*w + 12, 23 = -3*n + 2*w - 0*w. Calculate the remainder when k(n) is divided by 27.
20
Let q(w) = -3 - 3*w**2 + 12 + 18*w - 15. Calculate the remainder when 154 is divided by q(4).
10
Suppose 52 = 5*q - q. Let m = -606470 + 606511. Calculate the remainder when m is divided by q.
2
Suppose -156 = -n - 11*n. Suppose n*m - 8*m = 40. What is the remainder when 47 is divided by m?
7
Let h(q) be the third derivative of 0*q + 7*q**2 - 1/6*q**4 + 0 - 5*q**3. Calculate the remainder when 34 is divided by h(-9).
4
Let g(w) = 23*w**2 + w - 4. Let c be g(-3). Suppose 0*j = 4*j - c. Let k = -43 - -56. What is the remainder when j is divided by k?
11
Let z = -1565 - -1585. What is the remainder when 7694 is divided by z?
14
Let u(k) = 6*k**2 - k. Suppose 10*s + 36 = -24. What is the remainder when u(1) is divided by ((-2)/s)/(2/18)?
2
Suppose -2*a = 34 - 178. Suppose -r - 2*r = -a. Suppose 3*o - 10*u - 267 = -7*u, 3*o - 2*u = 272. What is the remainder when o is divided by r?
22
Suppose q = 2*f + 1789 + 3447, -q - 4*f + 5272 = 0. What is the remainder when q is divided by 25?
23
Let g(s) = 82*s - 555. Let i(n) = 10*n - 9. What is the remainder when i(25) is divided by g(7)?
13
Let g(p) = 37*p**2 - 64*p + 2. What is the remainder when g(8) is divided by 49?
45
Let o = 12 - 65. Let b = o + 51. Calculate the remainder when 92 is divided by -3 + -1 + 30 + b.
20
Suppose -20*s - s = -27*s + 1548. Calculate the remainder when s is divided by 61.
14
What is the remainder when 194 is divided by ((-12)/13)/(270/(-65) + 4)?
2
Let j(p) = -7*p - 7. Let l(n) = 27*n**2 + 88*n - 288. Calculate the remainder when l(-7) is divided by j(-5).
27
Let l = 211 + -227. Let u(w) = 1 - 1 + 14 - 16*w - w**2. What is the remainder when 39 is divided by u(l)?
11
Let n(v) = v**2 - 8*v - 4. What is the remainder when n(11) is divided by ((-128)/28)/(95/133 - (-1)/(-1))?
13
Suppose 28*w + 344 - 2307 - 6353 = 0. Calculate the remainder when w is divided by 34.
25
Let d(z) = z**2 + z - 1. What is the remainder when d(4) is divided by (504/(-40))/(-9) + (476/35 - 3)?
7
Suppose 2*d + 3*z = 0, -4*d + 2*z - 40 = -2*z. Let p(k) = 24*k + 163. Calculate the remainder when 91 is divided by p(d).
15
Suppose 23*h = 15863 + 13048. Calculate the remainder when h is divided by 42.
39
Let x(w) = -w**2 + 11*w - 17. Suppose 3*y - 36*h - 31 = -38*h, -4*h = 16. What is the remainder when y is divided by x(8)?
6
Let q(p) = 328*p + 2. Let o be q(1). Let d = o + -185. What is the remainder when d is divided by 30?
25
Suppose 16*u - 5697 = -11*u. Let q = -188 + u. What is the remainder when 69 is divided by q?
0
Let y = -22654 - -22787. What is the remainder when 5717 is divided by y?
131
Suppose -432 - 330 = -2*d. Suppose -3*h + 3*u = -d, -3*h - 5*u + 421 = -0*u. Suppose -6*s + s + 135 = 0. What is the remainder when h is divided by s?
24
Let t = -9985 + 10110. What is the remainder when 383 is divided by t?
8
Let m = -287 - -310. Calculate the remainder when 38 is divided by m.
15
Suppose -15*x - 2*x = -1275. What is the remainder when 1123 is divided by x?
73
Let f be 18 + -3*1*6/(-9). Suppose -25*h + 20 = -f*h. Suppose 0 = -h*v + 40. What is the remainder when 38 is divided by v?
8
Suppose -15 - 57 = -3*q + 14*b, 6 = b. What is the remainder when 1140 is divided by q?
48
Suppose -78*w - 5*g + 41 = -76*w, -3*g = -3*w + 51. Suppose 74 = 5*z - 176. What is the remainder when z is divided by w?
14
Let f(s) = 100*s + 2314. What is the remainder when 211 is divided by f(-23)?
1
Let o(i) = -48*i - 795. Calculate the remainder when 1593 is divided by o(-17).
18
Suppose 5 = 715*i - 720*i. Calculate the remainder when 60 is divided by (1 + -26)*i - 9.
12
Let b = 79 + -65. Let z = 15 + -9. Let x(v) = v**3 - 6*v**2 + 8*v + 5. What is the remainder when x(z) is divided by b?
11
Suppose 0*f - f - 61 = 0. Let b = f - -84. What is the remainder when b is divided by 8?
7
Let j(a) = a**3 + 4*a**2 + 17*a + 263. What is the remainder when 3825 is divided by j(-6)?
87
Suppose 0 = 2*z - 6*r - 1754, -r - 994 = -2*z + 735. What is the remainder when z is divided by 218?
208
Le